ppose -1610 = -5*h - 5*z, 2 = -z - f. What are the prime factors of h?
3, 109
Let v(u) = u**2 - 9*u + 110. Let h be v(7). Suppose 0 = -2*w, -7 = 3*d - 5*w + 5. What are the prime factors of (-72)/h + (-67)/d?
2
Let v be (-2)/(-4) - 51/34. Let r be (-3 - v - 1)*(-50)/6. Suppose q - 20 = r. What are the prime factors of q?
3, 5
Suppose 67 - 67 = 9*x. What are the prime factors of x + 1050 + -3 + -1?
2, 523
Suppose 3*q = 3*k + 639, 5*q - 897 = q - 5*k. Let r = q + 271. Let b = r - 174. What are the prime factors of b?
3, 5, 7
List the prime factors of -310*(0 + 4 - (-405)/(-18)*6).
2, 5, 31, 131
Let k = 14304 + -4825. List the prime factors of k.
9479
Let a(z) = 2*z**2 + 21*z - 9. Let k be a(-11). Suppose k*i - t = 535, 5*i - 41 = 2*t + 1299. What are the prime factors of i?
2, 3, 5
Suppose 0 = q - 2*d - 2881, -4*q + 5*q - 4*d = 2877. What are the prime factors of q?
5, 577
Let d(p) = -p - 8. Let k be d(-9). Let j be 25/9 - k*(-10)/45. What are the prime factors of (3/(-15) + j)*35?
2, 7
Suppose 8*k + 28 = 5*k + 5*n, -5*k + 4*n - 38 = 0. List the prime factors of k + 1 + (-4 - -570).
3, 11, 17
Suppose 4*d + 3 + 9 = 0. Let h be (-31 + 4)/d*28/3. Suppose 0 = -2*k - 5*c + 195, -k + 0*k + h = -2*c. What are the prime factors of k?
2, 3, 5
Let s(i) = 45*i - 57. Let q be s(4). Let a = q - 118. Suppose -5*o + 216 = -0*k + 3*k, -4*k + a*o + 253 = 0. What are the prime factors of k?
67
Let n(w) = -w**3 + 32*w**2 + 35*w - 73. Let y be n(33). What are the prime factors of y/28 + 3282/8?
2, 5, 41
Suppose 4*f - 75348 = -4*u, -396*f + 393*f = -18. What are the prime factors of u?
3, 6277
Suppose 0 = -5*n - 235 + 2665. Suppose f + 4*z = 107 + n, -f + 601 = 2*z. What are the prime factors of f?
3, 7, 29
Let p = 7 - -75. Suppose -p = 3*k - 5*w, -5*k + 3*w = 16 + 110. What are the prime factors of (-112)/(-6)*k/(-16)?
2, 7
Let q(n) = 77*n - 54. Let y be q(3). Let b = 1217 - y. What are the prime factors of b?
2, 5, 13
Let h = -72 + 74. Suppose h*z + 25 = -11. Let x(c) = -c**2 - 17*c + 27. List the prime factors of x(z).
3
Let g(m) = -8*m**2 - 8*m**2 - 8*m + 26*m**2 + 161 - 8*m**2. List the prime factors of g(-19).
3, 5, 23
Let x(d) = -d + 3. Let i be x(-2). Suppose 2*u + 4*y - 12 = y, i*u + 2*y = 8. Suppose -4*c + 12 + 14 = b, -c - 5*b - 3 = u. List the prime factors of c.
7
Let g = 15423 + -9277. List the prime factors of g.
2, 7, 439
Let q(x) = x**2 + 6*x. Let n be q(-8). Suppose n*m = 20*m - 32. Suppose 7*l = m*l - 118. What are the prime factors of l?
2, 59
Let s = -1799 - -2550. Suppose 5*a - 192 = -u, -15*u + 11*u - 3*a + s = 0. What are the prime factors of u?
11, 17
Suppose 5*h - 155660 = -5*q, -71*h = -75*h - 16. List the prime factors of q.
2, 7, 139
Let i be (1092/36)/(1/3). Suppose 5*m + 621 - i = 5*w, 3*m = -w + 98. List the prime factors of (w/6)/((-5)/(-15)).
2, 13
Suppose 17*u - 6381 = 3377. Suppose -j + 90 + u = l, -4*l = 0. What are the prime factors of j?
2, 83
Let z(a) = 126*a + 75. Let d be z(7). Suppose d + 684 = 4*w - 3*o, 4*o + 420 = w. List the prime factors of w.
2, 3, 17
Let b = -35797 + 85171. List the prime factors of b.
2, 3, 13, 211
Suppose 5*a + k - 67885 = 0, 0 = 3*a - k - 14067 - 26656. What are the prime factors of a?
2, 1697
Suppose 25*i = 12*i - 260. Let j be (-10)/i - (-11646)/4. Suppose 9*r = -5*r + j. What are the prime factors of r?
2, 13
Suppose 0 = 3*r + 578*q - 576*q - 85299, 5*r + 3*q - 142168 = 0. What are the prime factors of r?
28439
Suppose i + 5 = o + 4*o, 21 = 3*i + 3*o. Suppose -4*r = l - 11, 5*l = -3*r + i*r + 33. Suppose -2*n - 250 = -l*n. List the prime factors of n.
2, 5
Let r(h) = -h**2 + 30*h + 35. Let d be r(31). Suppose 2*x + d*o - 2*o - 4 = 0, -3*x + 2*o = -6. List the prime factors of x/(-7) + 3285/105.
31
Let j(f) = 21*f**2 - 7*f + 3. Let y(m) = -63*m**2 + 21*m - 8. Let d(s) = -17*j(s) - 6*y(s). List the prime factors of d(2).
67
Let r(u) = -u**2 - 13*u + 2. Let y be r(-13). Suppose 3*c - 510 = y*c. Suppose l = 5*h - c, -l = -3*l. List the prime factors of h.
2, 3, 17
Suppose -18*l = -8135 - 4501. Let j = -371 + l. List the prime factors of j.
331
Suppose 24*x = -23*x - 22*x + 1180521. List the prime factors of x.
3, 1901
Suppose 0 = -5*h - w + 21 - 3, -h = 4*w + 4. Suppose -4*o + v + 724 = 0, -2*o + h*v - 181 = -3*o. List the prime factors of ((-4)/(-5))/(o/60 + -3).
2, 3
Suppose -1282 = -w + 2026. Suppose 0 = 4*o + 4*g - w + 1108, -o - 3*g = -550. List the prime factors of o.
2, 5, 11
Let j(y) = -y**2 - 2*y + 1. Let x(r) = 5*r**2 + 7*r + 7. Let i(s) = 4*j(s) + x(s). What are the prime factors of i(10)?
101
Suppose -2*t - 21 + 5 = -2*p, -5*p = 5*t - 30. Suppose -1 = -g, 2*n = p*n + 3*g - 1143. What are the prime factors of n?
2, 3, 19
What are the prime factors of (152/8 + -15)*((-16131)/(-2))/3?
2, 19, 283
Suppose 2*h = -5*h + h. Suppose -2*a = 3*p - 511, 5*a - 2*p - 1524 + 199 = h. List the prime factors of a.
263
Suppose -4*o + 2*v - 7 = 5*v, 3*v = -3. List the prime factors of (229*(2 + o))/(152/608).
2, 229
Suppose -3*j - 4*p - 359 = 0, 0 = -3*j + 5*p - p - 343. Let y be 4 - 1 - (8 - (179 + -9)). Let f = j + y. What are the prime factors of f?
2, 3
Suppose 0 = 42*n - 126713 - 12324 - 50005. List the prime factors of n.
7, 643
Suppose -4*c + 281 = 5*l, -3*c - 2*l = -5*l - 204. Let u = -66 + c. What are the prime factors of u + 8*13 - 4?
103
Let l(k) = 8*k**2 + 11*k + 10. Let o be l(-1). Suppose r + 2046 = 5*p, 3*p = -10*r + o*r + 1224. What are the prime factors of p?
409
Suppose -32*f + 29*f + 16125 = 0. Suppose 16*x - f = 2561. What are the prime factors of x?
2, 31
Let m be (-80)/(-32) + ((-14)/(-4) - 2). Suppose -16*w + 12*w + 3*a + 1377 = 0, -m*a + 694 = 2*w. What are the prime factors of w?
3, 5, 23
Suppose -119 = 11*j - 9. Let u(p) = p**2 + 12*p + 24. Let n be u(j). Suppose 3*h - 385 = -n*b, 5*h + 393 = 3*b + b. List the prime factors of b.
97
Let d(g) = g**2 + g**3 + 6*g**2 - 3*g - 281 + 278. Let o be d(-5). Let r = 99 - o. What are the prime factors of r?
37
Let v = -42 - -52. List the prime factors of (-821)/(-5) + v/(-50).
2, 41
Let o = -419 + 1888. Let p = -991 + o. Suppose 0 = -4*n + 2*c + p, -n - 23 = 5*c - 137. List the prime factors of n.
7, 17
Suppose 5*p + 79 + 2125 = 3*m, 2*m + 1750 = -4*p. Let o = -235 - p. List the prime factors of o.
2, 3, 17
Suppose 2*y - 6 = 2*g, -3*y + 15 = 2*y - 3*g. Let x(j) = j - 5. Let h be x(y). Let c = h - -14. List the prime factors of c.
2, 3
Let z be ((-63)/27 - -3)/((-1)/(-636)). Let a = 948 - z. List the prime factors of a.
2, 131
Suppose -22*f - 259054 = -1349352. List the prime factors of f.
49559
Let h = 346 + -346. Suppose h = -y - 5*f + 1263, -y = f - 5*f - 1245. What are the prime factors of y?
7, 179
Let u be 2*(8/(-20))/(4/(-345)). Let r(f) = 8*f + 57. Let q be r(-10). List the prime factors of (q/u)/((-2)/834).
139
What are the prime factors of (-16)/56 + 117196/7?
2, 11, 761
Let t(p) = -17*p + 1. Let j be t(-1). Suppose 6 = -z + j. Let w(d) = -d**3 + 12*d**2 + 8*d + 23. What are the prime factors of w(z)?
7, 17
Suppose 0 = -5*b + 8 - 13. Let y(n) = -425*n + 5. List the prime factors of y(b).
2, 5, 43
Let w(k) = -26*k + 2. Let g be w(-1). Let z(p) = 21 - 4*p + 42 - 23 + g. List the prime factors of z(0).
2, 17
Let y(x) = -x**2 - 12*x - 30. Let a be y(-4). Suppose -a*d + 70 = 32. What are the prime factors of d?
19
What are the prime factors of (-129)/(-903) + 146432/7?
3, 19, 367
Suppose 8*i - 345058 = -8890. What are the prime factors of i?
3, 7, 23, 29
Suppose -2*a - 480 = 2*b, -a + 956 = -4*b - 4*a. Let r = 461 + b. What are the prime factors of r?
3, 5
Let h(f) = 2*f**2 + 7*f - 8. Let s be h(8). Let k be (-1)/((-4)/s*2). Suppose k = -4*p + 322. What are the prime factors of p?
3, 5
Let c(i) = 19*i**3 - 9*i**2 + 10*i + 12. Suppose -15*h = -57*h + 168. What are the prime factors of c(h)?
2, 281
Let r(d) = -d**3 - 10*d**2 + 14*d + 37. Suppose -5*g + 0*f - 63 = -2*f, -15 = g - f. Let y be r(g). List the prime factors of ((-2)/(-4))/((-8)/(-576)*y).
3
Let j(i) = 3*i**2 + 60 - 25 + 5*i - 51. Let n be j(-11). Suppose 10*a = 12*a - n. What are the prime factors of a?
2, 73
Suppose 11*y - 56853 = 6166. Suppose y + 4575 = 7*f. Suppose f - 3722 = -10*p. List the prime factors of p.
3, 5
Let b(o) = 39*o**2 + o + 577. What are the prime fac